
-10
Let z(u) be the first derivative of u**4/4 + 2*u**3/3 + 3*u - 53. Give z(-3).
-6
Let k(s) be the first derivative of -s**3/3 + 17*s**2/2 + 3*s - 138. Determine k(16).
19
Let y(w) be the second derivative of -1/20*w**5 + 5/12*w**4 + 7/6*w**3 + 12*w + 0 - 5/2*w**2. Determine y(6).
1
Let f(s) = s**3 - s**2 - 9*s - 7. Let o(g) = -g**3 + 8*g + 6. Suppose 3*a + 9 = -m - 0*m, -5*m = -4*a + 7. Let l(t) = m*f(t) - 4*o(t). What is l(-4)?
1
Let w(c) = c**2 - 4 - 2*c**2 - 1469*c + 1463*c. What is w(-6)?
-4
Suppose 18 = -32*j + 30*j + 4*x, -7 = 3*j - 2*x. Let i(v) = 25*v**2 + 2*v - 1. Determine i(j).
26
Let n(u) be the third derivative of u**9/60480 - u**8/4032 + u**7/1680 + u**6/360 - 11*u**5/60 + 7*u**2. Let g(o) be the third derivative of n(o). What is g(4)?
-2
Suppose -2*i + 12*i = -50. Let d(b) = -7*b**2 - 11*b + 3. Let t(n) = 11*n**2 + 16*n - 5. Let p(l) = i*t(l) - 8*d(l). What is p(-8)?
1
Let l(f) = f**2 + 9*f + 9. Let d be (0 - -2 - 1) + 74. Let u be (-535)/d - 4/(-30). What is l(u)?
-5
Let v be (-4)/(-6)*(-9)/2. Let k = 3 - v. Let b(z) = -7*z + 2*z + 3*z - k. Calculate b(-5).
4
Let u = 2207 + -2219. Let h(d) = -d**3 - 14*d**2 - 26*d - 18. Determine h(u).
6
Let p(b) = -4 + 15 - 6*b - 2 - 3. Determine p(0).
6
Let w(l) = -22*l - 4. Let i(h) = -2*h. Let a(r) = -12*i(r) + w(r). Calculate a(4).
4
Suppose 35 = 3*s - u, -53 = -s - 4*s - u. Let h(o) = -o**3 + 9*o**2 + 24*o - 25. Calculate h(s).
-3
Let w(k) = 6*k**2 - 9*k - 2. Let s(q) = 5*q**2 - 8*q - 1. Let r(y) = -5*s(y) + 4*w(y). Let b(a) = -a**2 + 11*a - 21. Let g be b(8). Determine r(g).
0
Let t(r) = 8*r**2 + 4*r - 22*r**2 - 3*r. Let z be -7*9/(-21) + (2 - 4). Determine t(z).
-13
Let r be (-4)/5*5 + -1. Let m(a) = 6*a - 7. Determine m(r).
-37
Let u(x) = -6*x - 22. Let d(o) = -33*o - 70. Let k be d(-2). Determine u(k).
2
Let k(m) = -m**2 - m - 11. Suppose 9*a = 4*a. Let g(z) = -z**2 + 2*z. Let c be g(a). Give k(c).
-11
Let l(n) = -11*n**2 + 17*n - 13. Let o(k) = 2*k + 12. Let x be o(-4). Let t(a) = -49 + x*a + 0*a**2 + 46 - 3*a**2. Let h(p) = 2*l(p) - 9*t(p). Determine h(1).
4
Let l(a) = -a + 1 + 3*a - a. Suppose -71*p - 588 = -91. Determine l(p).
-6
Let x(b) = -2*b**3 - 4*b**2 - 3*b - 2. Let d be 0 + (10 - 26/2). Calculate x(d).
25
Let j(z) = -z**3 + 3*z + 2. Let f be j(-2). Let k(p) = 26*p - 56*p - p**2 + 26*p - f. Determine k(-3).
-1
Let t(a) = a**3 - 3*a**2 - 2*a - 7. Let x(p) = -17*p + 361. Let f be x(21). Give t(f).
1
Suppose -4*n - 6*v + 22 = -4*v, -4*n + 5*v = -15. Let c(o) = o**3 - 3*o**2 - 3*o - 2. Let a be c(4). Let h(k) = a*k - 7 - k**2 + 6*k - 2*k. Give h(n).
-2
Let l(k) = -k**3 - 8*k**2 + 9*k. Let u = 232 - 241. Determine l(u).
0
Let i(u) = 10*u + 6 + 4*u**3 + u**3 + 7*u**2 - 4*u**3 - 2*u. Give i(-5).
16
Let t(x) = -4*x - 7. Let y be 3/1*(-37)/37. What is t(y)?
5
Let i(y) be the first derivative of -y**3/3 - 6*y**2 - 4*y - 196. Calculate i(-12).
-4
Let b(u) be the first derivative of -1 + 2*u + 5/2*u**2. What is b(-2)?
-8
Let i(k) = 49 + 2*k - 72 + k + 34. Determine i(-9).
-16
Let l(j) = -2*j + 4*j + 3 - 3*j**2 - 1. Let x = -816 - -819. Determine l(x).
-19
Let g be ((-152)/12)/(3/9). Let b = g - -37. Let k(q) = 3*q**2 + 1. Calculate k(b).
4
Let q = -22 - -38. Suppose 3*r + 5*r - q = 0. Suppose -4*z - 14 = 3*n, -5*z - 12 = -n + r*n. Let f(b) = -3*b + 1. What is f(n)?
7
Let a(w) = 813*w + 3*w**2 + 3 - 839*w + 9. Give a(8).
-4
Let q(z) = z**3 + 11*z**2 - 2*z - 16. Suppose 0 = -17*l + 23*l - 12. Suppose l*u = -85 + 63. Calculate q(u).
6
Suppose -v - 9 = 2*r - 5, -5*r - 4 = 2*v. Let u(a) = -a**3 - 12*a**2 - a - 17. Determine u(v).
-5
Let l(p) = -4*p + 10. Let m be (-4)/20 - (-36)/5. Determine l(m).
-18
Let v(l) = -4*l**2 + 16*l - 1. Let o(a) = a**2 - 4*a. Let d(z) = 9*o(z) + 2*v(z). Suppose -2*u - 5*g - 13 = 0, -4*u = 3*g - 109 + 100. Give d(u).
10
Let a(r) = -r**2 - 8*r - 6. Let u be a(-5). Let f(w) = 4*w**2 - 31*w + 28. Let b(c) = c**2 - 8*c + 7. Let v(s) = u*b(s) - 2*f(s). What is v(9)?
-2
Suppose 7 = o + 3. Let h(g) be the third derivative of -5*g**4/24 + g**3 - 4*g**2 - 4. Determine h(o).
-14
Let v(d) = 25*d - 2*d**2 - 4 + 4*d - 31*d. Give v(-3).
-16
Let h(l) be the third derivative of 1/15*l**5 - 1/24*l**4 - l**2 + 0 + 0*l + 1/6*l**3. Let i be 11/(33/18) - 4. Determine h(i).
15
Let a(z) = z**2 + 2*z - 1. Let y(j) be the third derivative of 3*j**2 - 1/60*j**5 + 0*j + 1/2*j**3 + 0 - 1/24*j**4. Let v be y(-3). What is a(v)?
2
Let t(y) = -3*y - 2. Let c(z) be the third derivative of -5*z**4/24 - z**3/2 - 8*z**2. Let x(k) = -4*c(k) + 7*t(k). Determine x(-2).
0
Let a = -725 - -728. Let f(j) be the first derivative of -1/2*j**2 - 4 + 1/3*j**a - 14*j. Calculate f(0).
-14
Let h(m) = -1 + 4*m**3 + 5493*m - 5494*m + 0 - m**2. Let y(n) = -n + 9. Let j be y(10). Give h(j).
-5
Let y(f) = f**3 + 6*f**2 - 7*f - 1. Let s be y(-7). Let c be -1 + s + 36/(-12). Let w(v) = 2*v + 2*v - 2*v + 9 - 4. Calculate w(c).
-5
Let s(f) = f**2 - 3*f - 11. Suppose 48 + 78 = 21*r. What is s(r)?
7
Let d = 10 - 15. Let f(z) be the second derivative of -z**5/20 - z**4/2 - 5*z**3/6 - 5*z**2/2 - 11*z - 6. Give f(d).
-5
Let v(u) = -6*u**2 - 9*u**2 + 5 + 2 + u**3 + 14*u**2. Determine v(0).
7
Suppose 0 = -4*n + v + 10, -n + 3*n + 5*v - 16 = 0. Let u = 3 - n. Suppose -2*k + 1 - 15 = -a, 2*a = u. Let p(j) = -j**3 - 6*j**2 + 6*j - 2. Calculate p(k).
5
Let t(v) be the second derivative of v**5/20 - v**4/6 - v**3/6 + v**2/2 - 4*v. Let p be 39/(-9) - 2/(-6). Let r be (-6)/p*(-3 + 5). Calculate t(r).
7
Let i(w) = 4*w - 16*w**2 - 1 + 17*w**2 + 4 + 0*w. Give i(-5).
8
Let g(m) be the second derivative of m**4/12 + m**3/6 - 9*m**2/2 - m - 6. Suppose -2*p - 4 = 3*x + 2, -3*p = -2*x - 4. Give g(p).
-9
Let l(h) be the first derivative of 1/60*h**5 - 6 - 2*h**3 + 0*h - 1/24*h**4 + 0*h**2. Let c(q) be the third derivative of l(q). Give c(-2).
-5
Let i(s) = 2*s**2 - 3*s**2 + s**3 + 2 + 0*s**2. Let t(w) = -9*w**2 - 78*w - 46. Let q be t(-8). Give i(q).
6
Let y = -14 + 10. Let l(j) = -4 - 5*j - 15*j + 18*j. Determine l(y).
4
Let l(u) = 8*u - 58. Let k be (-5 - (11 + -8))/(-1). Determine l(k).
6
Let h(y) be the second derivative of -y**4/12 + 7*y**3/6 + 5*y**2/2 + 30*y. Give h(7).
5
Let q(g) be the first derivative of -g**4/12 + 2*g**3/3 - 8*g**2 + 5. Let x(n) be the second derivative of q(n). Calculate x(3).
-2
Let x(c) = -6*c**2 + 6*c + 1. Let l = 29 + -33. Let j = -19 - -28. Let m(w) = -12*w**2 + 13*w + 2. Let y(n) = j*x(n) + l*m(n). Give y(-1).
-7
Let a(m) = m**2 + 12*m - 20. Let y(x) = -x**3 + 4*x**2 + 3*x - 4. Let v be y(5). Let z be a(v). Let b(o) = -8 + z - o. Give b(8).
-8
Let l(t) = -9*t - 6. Let o(d) = 7*d + 6. Let n(v) = 3*l(v) + 4*o(v). Let m(u) = 5*u. Let j be m(1). Give n(j).
11
Let p(v) = -2*v**3 - 2*v**2 + 2*v - 1. Let u = -2 - -5. Suppose -5 = -2*y - u*y. Give p(y).
-3
Let c(a) = 4*a + a**3 + 10*a - 29*a - 2*a**3 + 9*a**2 + 16. What is c(7)?
9
Let n = 14 - 2. Suppose -2*k + 5*k = n, -4 = -4*z + k. Let q(c) = -2*c + z*c + 25 + c - 29. Calculate q(4).
0
Let i = -429 + 425. Let j(f) = f**2 + f - 4. Determine j(i).
8
Let c(x) = -x**2 + 2. Suppose 23 = 5*z - 37. Suppose 16 = -5*i + 4*b, b = 4*b - z. Let a be c(i). Let k(n) = -n**2 - 2*n. What is k(a)?
-8
Let g(d) = -6*d**2 + 4*d - 3. Let f = -457 - -459. Give g(f).
-19
Let m(c) = 7 - 26*c + 25*c + 5 - 6. Let t = -4 - -7. Let u = t - 0. What is m(u)?
3
Let j(v) be the first derivative of -9 + 2*v**3 - 1/4*v**4 - v - 7/2*v**2. What is j(5)?
-11
Let x(y) = -y - 2. Let b(j) = -1. Let f(z) = -2*b(z) + x(z). Suppose -33*q = -73 - 92. Determine f(q).
-5
Let k(g) be the third derivative of 0 - 1/3*g**3 + 1/10*g**5 + 0*g**4 + 0*g + 15*g**2. Calculate k(-2).
22
Let p(d) be the first derivative of -d**3/3 + d**2/2 - 17*d + 139. Let i(h) = -h - 8. Let m be i(-8). Determine p(m).
-17
Let g(l) be the first derivative of 4 + 8 - 8 + 0*l**2 + l**2 + 2*l. What is g(2)?
6
Suppose -2*k + 3 = -9. Let o(b) = -k + b + 0 + 1. Let z = -121 - -117. Give o(z).
-9
Suppose -4*o + 50 = 6. Let x(i) = -2*i - 3*i**3 - 1 + 12*i**2 - o*i**2 + i**3. Determine x(-2).
23
Let j(c) be the third derivative of c**5/60 + c**4/8 - c**3/3 - 38*c**2 + 1. Calculate j(-4).
2
Let w(k) be the third derivative of k**4/24 - 9*k**3/2 + 458*k**2. Let z be -1 + 1*(3 - 2). What is w(z)?
-27
Let y(b) = b**2 - 3*b - 2. Suppose 2*t =